 4*d + c - 574 = 0, -3*c - 179 = -2*d + 115. Calculate the remainder when d is divided by 22.
12
Suppose 83*m = 63*m + 100. What is the remainder when 161 is divided by m?
1
Let q = 244 - 172. What is the remainder when ((-1)/(-1))/(3/q) is divided by 14?
10
Let z = 349 + -495. Let t(y) = y**2 + 2*y - 5. Calculate the remainder when (-2)/(1 - -3)*z is divided by t(4).
16
Suppose -26*s + 22*s = -12. Suppose -c + y + 4 = -4, s*c - 36 = -3*y. Calculate the remainder when 38 is divided by c.
8
Suppose -28*w + 1638 = 14*w. What is the remainder when 388 is divided by w?
37
Let j(p) = p - 15. Suppose -10*n = 3*n - 377. Calculate the remainder when 40 is divided by j(n).
12
Suppose a - 41 = -4*d, -8*d - 22 = -2*a - 4*d. Let f be (-6)/a + 12/42. Calculate the remainder when (-51)/9*(f + -3) is divided by 9.
8
Let j(v) = v**2 - 4. Let a be j(-2). Suppose -2*z = -a*z - 10. Calculate the remainder when 8 is divided by z.
3
Let m(z) = -z**2 + 13*z - 4. Let v be m(13). Let l be (-16)/v + 0/3. Suppose l*f - 330 = -f. What is the remainder when f is divided by 17?
15
Calculate the remainder when 691/9 - 18/(-81) is divided by 39.
38
Let m(o) = 2*o**2 + 11*o - 23. Let i be m(-14). Let c = -133 + i. Calculate the remainder when c is divided by 28.
26
Let a = -138 - -158. Calculate the remainder when 139 is divided by a.
19
Let o(s) = 42*s**3 + 4*s**2 - 3*s. Calculate the remainder when o(1) is divided by 11.
10
Let j be 11/((-22)/(-180)) + 2. Let o = j + -74. Calculate the remainder when o is divided by 5.
3
Let g = 30 + -3. Let s(n) = 113*n + 1. Let u be s(2). Suppose -2*d + u = 2*d - 3*y, -d - y = -48. Calculate the remainder when d is divided by g.
26
Let h = -117 - -46. Let b = 80 + h. Let v = 4 - -11. What is the remainder when v is divided by b?
6
Let d = -74 - -80. Suppose -4*v - 59 = -5*u, 0*u = 3*v - u + 36. Let f = 22 + v. What is the remainder when f is divided by d?
5
Let u(l) = -35*l - 1. Let r be u(9). Let g = 453 + r. What is the remainder when g is divided by 46?
45
What is the remainder when (270/12 - 3)*4 is divided by 29?
20
Suppose -9 = -6*h + 3. Suppose 4*j = -5*z + 80, -6*j + 83 = -j + h*z. What is the remainder when 26 is divided by j?
11
Let k be 21/4 + 7/(-28). Let v(u) = 46*u. Let g be v(k). Suppose 12*r = 17*r - g. Calculate the remainder when r is divided by 16.
14
Suppose -62 + 202 = 4*g. Suppose 2*w + y = 14, 12 - 69 = -5*w + 3*y. Calculate the remainder when g is divided by 6/w - 170/(-15).
11
Suppose -133 = -0*k - k - 4*z, -4*k = 3*z - 519. Let r = k - 88. What is the remainder when r is divided by 21?
20
Let y = 11 + -6. Suppose 0 = -b + 1 + y. Suppose c = b*c - 160. Calculate the remainder when c is divided by 17.
15
Suppose 15*y + 773 = 2603. Calculate the remainder when y is divided by 26.
18
Let u = 7 + 1. Let o(c) = c + 4. Let f be o(-2). Suppose -f*z + 84 = 4*n, 3*n + 18 = 5*z + 94. Calculate the remainder when n is divided by u.
6
Let q(j) = -j**3 + 8*j + 2. What is the remainder when ((-108)/(-24))/((-1)/(-4)) is divided by q(-3)?
3
Let a = -19 + 89. Suppose 148*j - 165*j = -408. What is the remainder when a is divided by j?
22
Let s = -279 + 292. Calculate the remainder when 22 is divided by s.
9
Let m = 110 + -82. Suppose -2*w - 8 = -h, -h + 3*h - m = w. Calculate the remainder when 45 is divided by h.
13
Let c(v) = 4*v. Let r be ((-4)/(-10))/(7/(-70)). Let d = 18 + r. Calculate the remainder when d is divided by c(2).
6
Let o = 1010 + -976. Calculate the remainder when 1256 is divided by o.
32
Let c be -6 - 1 - 4/(-4). Let u = 2 - c. Calculate the remainder when 22 is divided by u.
6
Suppose 2*z - 15 = 141. Suppose -3*l = -132 - z. What is the remainder when l is divided by 18?
16
Let j(b) = b**3 + 7*b**2 + 6*b - 12. Let y be j(-5). Suppose 77 = -y*n + 261. What is the remainder when 109 is divided by n?
17
Suppose -p = 5*q + 5, 0 = -2*p - 0*p - q + 26. Let s = 143 - 12. Suppose -15 + s = 4*v. What is the remainder when v is divided by p?
14
Let k be 8 + 7/3 + 2/3. Suppose 3*o = -r + 38, -o = r + k - 55. Calculate the remainder when r is divided by 21.
5
Let j(u) = u**2 - 10*u + 24. What is the remainder when 211 is divided by j(8)?
3
Let h = -156 + 161. What is the remainder when 17 is divided by h?
2
Let x = -972 - -1088. Calculate the remainder when x is divided by 15.
11
Suppose -2*d + 91 = 11*d. What is the remainder when 88 is divided by d?
4
Suppose -24*r + 33*r - 4626 = 0. What is the remainder when r is divided by 47?
44
Suppose 0 = -263*t + 251*t + 4740. What is the remainder when t is divided by 44?
43
Let c(u) = u**3 + 13*u**2 + 10*u - 37. Calculate the remainder when c(-5) is divided by 29.
26
Suppose -3*p - 3 = -2*o - 0*o, 0 = 2*o - p - 1. What is the remainder when 86 is divided by (3 - (-78)/3)/(1 + o)?
28
What is the remainder when 536 is divided by ((-27)/4)/(53/(-212))?
23
Suppose 10 = -4*g - 4*h + 2*h, -3*g - 2*h = 7. What is the remainder when ((-35)/5)/(2/(-14)) is divided by ((-1)/g - (-2 - -3))*-39?
23
Suppose 0 = -5*z - 2*k + 108, 2*z + 4*k - 72 = -16. Let q = 12 + -12. Suppose q*l - 111 = -3*l. Calculate the remainder when l is divided by z.
17
Let b(z) = -z**3 - 15*z + 2*z**2 + 5 - 8*z**2 + 0*z**3 + 2*z**3. Let q = 6 + -1. Calculate the remainder when b(8) is divided by q.
3
Let c = -193 - -195. Let g(v) = -9*v - 1. Let y be g(-1). Suppose 0 = 2*n - y + 2. What is the remainder when n is divided by c?
1
Let g(d) = 67*d - 2 - 53*d - 4. Let q = -21 - -38. Calculate the remainder when g(4) is divided by q.
16
Suppose -51 + 96 = 9*m. Suppose 4 = 3*n - 3*a - 2, 4*a + 8 = 0. Suppose -5*x - m*i + 370 = n, 2*i + 0 - 2 = 0. What is the remainder when x is divided by 15?
13
Let c = -150 + 176. What is the remainder when 154 is divided by c?
24
Suppose 2*b - 4*f = b - 17, 10 = 2*f. Suppose 0 = -7*t + b*t + 192. Let q = 48 - 31. Calculate the remainder when t is divided by q.
14
Suppose 0*v - 5*v - 2*j = -1196, -236 = -v - 2*j. What is the remainder when v is divided by 81?
78
Suppose -2*i + 7*x + 21 = 2*x, 5*x + 30 = 5*i. Let k = i + 0. Let g(d) = 2*d - 5. Calculate the remainder when 1 is divided by g(k).
0
Calculate the remainder when 48 is divided by 10*1/4*546/65.
6
Let v = -111 - 22. Let f = v + 217. What is the remainder when f is divided by 17?
16
Let y be 5/(-4) + (-12)/16. Let a(p) = -62*p**2 + 5*p + 3. Let x be a(y). Calculate the remainder when 66 is divided by 4*1*x/(-60).
15
Suppose -v + 2*v + 4*g = 13, 0 = v + g - 22. What is the remainder when 63 is divided by v?
13
Suppose f - 6 = 23. Let w = -15 + 23. Calculate the remainder when f is divided by w.
5
Let u(b) = b**2 - 7*b - 2. Let z be u(9). Suppose z*f - 204 = 13*f. Calculate the remainder when f is divided by 23.
22
Let h = -147 - -150. Let d(b) = -3 + 2*b + 0*b + b. What is the remainder when 11 is divided by d(h)?
5
Suppose -3*c + 0 = -30. Calculate the remainder when 29 is divided by c.
9
Let z(g) be the second derivative of g**4/3 + g**3/2 + g**2 - 3*g. Calculate the remainder when ((-456)/8)/(1 - 2) is divided by z(-3).
28
Suppose 12*q = 15*q - 42. Calculate the remainder when 186 is divided by q.
4
Suppose -3*z + 3*a = -7*z - 12, 4*z + 8 = -2*a. Suppose z = -u - 2*u - 60. Let m = u - -45. Calculate the remainder when 72 is divided by m.
22
Let l(d) = d + 5. Let v be l(-11). Let m be 399/27 + v/(-27). Let r = m + 6. What is the remainder when r is divided by 12?
9
Suppose -q + 5*b + 7 = -20, 4*q = -b + 87. Calculate the remainder when 2132 is divided by q.
20
Let j = -76 + 181. Suppose 5*u - j = -0*u. What is the remainder when 80 is divided by u?
17
Let w(f) = f**3 - 12*f**2 - 49*f + 11. What is the remainder when w(17) is divided by 16?
15
Let y(k) = -2*k + 19. Suppose l = -l. Let a be (3 - (3 - l))/2. Calculate the remainder when 36 is divided by y(a).
17
Let w be (4/3)/(2/12). Let s = 38 - 25. What is the remainder when 35/1 - w/(-8) is divided by s?
10
Calculate the remainder when (2/1)/((-4)/(-170)) is divided by 29.
27
Let q = 2590 - 2579. Let w = 52 + -84. Let h = w - -53. Calculate the remainder when h is divided by q.
10
Let z = -14 - -11. Let g = -4 - z. Let v = 4 - g. What is the remainder when 22 is divided by v?
2
Suppose 26*c = 21*c + 245. Calculate the remainder when c is divided by 17.
15
Suppose 0 = -27*x